[INFO] cloning repository https://github.com/netrome/2017-december-saturday-rust
[INFO] running `Command { std: "git" "-c" "credential.helper=" "-c" "credential.helper=/workspace/cargo-home/bin/git-credential-null" "clone" "--bare" "https://github.com/netrome/2017-december-saturday-rust" "/workspace/cache/git-repos/https%3A%2F%2Fgithub.com%2Fnetrome%2F2017-december-saturday-rust", kill_on_drop: false }`
[INFO] [stderr] Cloning into bare repository '/workspace/cache/git-repos/https%3A%2F%2Fgithub.com%2Fnetrome%2F2017-december-saturday-rust'...
[INFO] running `Command { std: "git" "rev-parse" "HEAD", kill_on_drop: false }`
[INFO] [stdout] 3a224bd713cdf9d60ee0787135dc6c2c66b4e81e
[INFO] checking netrome/2017-december-saturday-rust against try#72f88fc4e9458f89516a0b8b0868f3718aec5b47 for pr-74989
[INFO] running `Command { std: "git" "clone" "/workspace/cache/git-repos/https%3A%2F%2Fgithub.com%2Fnetrome%2F2017-december-saturday-rust" "/workspace/builds/worker-1/source", kill_on_drop: false }`
[INFO] [stderr] Cloning into '/workspace/builds/worker-1/source'...
[INFO] [stderr] done.
[INFO] validating manifest of git repo https://github.com/netrome/2017-december-saturday-rust on toolchain 72f88fc4e9458f89516a0b8b0868f3718aec5b47
[INFO] running `Command { std: "/workspace/cargo-home/bin/cargo" "+72f88fc4e9458f89516a0b8b0868f3718aec5b47" "read-manifest" "--manifest-path" "Cargo.toml", kill_on_drop: false }`
[INFO] started tweaking git repo https://github.com/netrome/2017-december-saturday-rust
[INFO] finished tweaking git repo https://github.com/netrome/2017-december-saturday-rust
[INFO] tweaked toml for git repo https://github.com/netrome/2017-december-saturday-rust written to /workspace/builds/worker-1/source/Cargo.toml
[INFO] crate git repo https://github.com/netrome/2017-december-saturday-rust already has a lockfile, it will not be regenerated
[INFO] running `Command { std: "/workspace/cargo-home/bin/cargo" "+72f88fc4e9458f89516a0b8b0868f3718aec5b47" "fetch" "--locked" "--manifest-path" "Cargo.toml", kill_on_drop: false }`
[INFO] [stderr]  Downloading crates ...
[INFO] [stderr]   Downloaded serde_derive_internals v0.17.0
[INFO] [stderr]   Downloaded gfx v0.16.1
[INFO] [stderr]   Downloaded cocoa v0.9.2
[INFO] [stderr]   Downloaded adler32 v1.0.2
[INFO] [stderr]   Downloaded pistoncore-input v0.20.0
[INFO] [stderr]   Downloaded either v1.4.0
[INFO] [stderr]   Downloaded glutin v0.10.1
[INFO] [stderr]   Downloaded log v0.3.8
[INFO] [stderr]   Downloaded png v0.11.0
[INFO] [stderr]   Downloaded gfx_device_gl v0.14.5
[INFO] [stderr]   Downloaded num-iter v0.1.34
[INFO] [stderr]   Downloaded vec_map v0.8.0
[INFO] [stderr]   Downloaded gfx_core v0.7.2
[INFO] [stderr]   Downloaded num_cpus v1.7.0
[INFO] [stderr]   Downloaded cfg-if v0.1.2
[INFO] [stderr]   Downloaded num v0.1.41
[INFO] [stderr]   Downloaded num-traits v0.1.41
[INFO] [stderr]   Downloaded phf v0.7.21
[INFO] [stderr]   Downloaded core-graphics v0.8.2
[INFO] [stderr]   Downloaded wayland-kbd v0.9.1
[INFO] [stderr]   Downloaded deflate v0.7.17
[INFO] [stderr]   Downloaded rusttype v0.2.3
[INFO] [stderr]   Downloaded scoped_threadpool v0.1.8
[INFO] [stderr]   Downloaded nix v0.9.0
[INFO] [stderr]   Downloaded pistoncore-event_loop v0.35.0
[INFO] [stderr]   Downloaded dtoa v0.4.2
[INFO] [stderr]   Downloaded piston2d-graphics v0.23.0
[INFO] [stderr]   Downloaded draw_state v0.7.1
[INFO] [stderr]   Downloaded dwmapi-sys v0.1.0
[INFO] [stderr]   Downloaded wayland-scanner v0.9.10
[INFO] [stderr]   Downloaded piston v0.35.0
[INFO] [stderr]   Downloaded pistoncore-window v0.30.0
[INFO] [stderr]   Downloaded serde_derive v1.0.23
[INFO] [stderr]   Downloaded shared_library v0.1.7
[INFO] [stderr]   Downloaded wayland-sys v0.9.10
[INFO] [stderr]   Downloaded winit v0.8.3
[INFO] [stderr]   Downloaded piston-gfx_texture v0.29.0
[INFO] [stderr]   Downloaded num-complex v0.1.41
[INFO] [stderr]   Downloaded phf_generator v0.7.21
[INFO] [stderr]   Downloaded linked-hash-map v0.5.0
[INFO] [stderr]   Downloaded synom v0.11.3
[INFO] [stderr]   Downloaded phf_codegen v0.7.21
[INFO] [stderr]   Downloaded x11-dl v2.17.0
[INFO] [stderr]   Downloaded uuid v0.5.1
[INFO] [stderr]   Downloaded khronos_api v2.0.0
[INFO] [stderr]   Downloaded core-foundation v0.4.6
[INFO] [stderr]   Downloaded core-foundation v0.3.0
[INFO] [stderr]   Downloaded shell32-sys v0.1.1
[INFO] [stderr]   Downloaded num-bigint v0.1.41
[INFO] [stderr]   Downloaded byteorder v0.4.2
[INFO] [stderr]   Downloaded memmap v0.4.0
[INFO] [stderr]   Downloaded bitflags v0.8.2
[INFO] [stderr]   Downloaded objc v0.2.2
[INFO] [stderr]   Downloaded pistoncore-glutin_window v0.42.1
[INFO] [stderr]   Downloaded num-rational v0.1.40
[INFO] [stderr]   Downloaded rand v0.3.18
[INFO] [stderr]   Downloaded wayland-protocols v0.9.10
[INFO] [stderr]   Downloaded gilrs v0.5.1
[INFO] [stderr]   Downloaded gdi32-sys v0.1.1
[INFO] [stderr]   Downloaded libc v0.2.34
[INFO] [stderr]   Downloaded fuchsia-zircon v0.2.1
[INFO] [stderr]   Downloaded coco v0.1.1
[INFO] [stderr]   Downloaded jpeg-decoder v0.1.13
[INFO] [stderr]   Downloaded num-integer v0.1.35
[INFO] [stderr]   Downloaded phf_shared v0.7.21
[INFO] [stderr]   Downloaded byteorder v1.2.1
[INFO] [stderr]   Downloaded wayland-client v0.9.10
[INFO] [stderr]   Downloaded stb_truetype v0.2.1
[INFO] [stderr]   Downloaded fuchsia-zircon-sys v0.2.0
[INFO] [stderr]   Downloaded siphasher v0.2.2
[INFO] [stderr]   Downloaded wayland-window v0.8.0
[INFO] [stderr]   Downloaded rayon v0.8.2
[INFO] [stderr]   Downloaded xinput-sys v0.2.0
[INFO] [stderr]   Downloaded inflate v0.3.3
[INFO] [stderr]   Downloaded piston2d-gfx_graphics v0.46.0
[INFO] [stderr]   Downloaded gleam v0.4.15
[INFO] [stderr]   Downloaded serde v1.0.23
[INFO] [stderr]   Downloaded arrayvec v0.4.6
[INFO] [stderr]   Downloaded pkg-config v0.3.9
[INFO] [stderr]   Downloaded syn v0.11.11
[INFO] [stderr]   Downloaded user32-sys v0.1.2
[INFO] [stderr]   Downloaded image v0.17.0
[INFO] [stderr]   Downloaded libudev-sys v0.1.3
[INFO] [stderr]   Downloaded color_quant v1.0.0
[INFO] [stderr]   Downloaded core-foundation-sys v0.3.1
[INFO] [stderr]   Downloaded core-foundation-sys v0.4.6
[INFO] [stderr]   Downloaded redox_syscall v0.1.32
[INFO] [stderr]   Downloaded piston_window v0.73.0
[INFO] [stderr]   Downloaded cgl v0.2.1
[INFO] [stderr]   Downloaded bitflags v1.0.1
[INFO] [stderr]   Downloaded rayon-core v1.3.0
[INFO] running `Command { std: "docker" "create" "-v" "/var/lib/crater-agent-workspace/builds/worker-1/target:/opt/rustwide/target:rw,Z" "-v" "/var/lib/crater-agent-workspace/builds/worker-1/source:/opt/rustwide/workdir:ro,Z" "-v" "/var/lib/crater-agent-workspace/cargo-home:/opt/rustwide/cargo-home:ro,Z" "-v" "/var/lib/crater-agent-workspace/rustup-home:/opt/rustwide/rustup-home:ro,Z" "-e" "SOURCE_DIR=/opt/rustwide/workdir" "-e" "CARGO_TARGET_DIR=/opt/rustwide/target" "-e" "CARGO_HOME=/opt/rustwide/cargo-home" "-e" "RUSTUP_HOME=/opt/rustwide/rustup-home" "-w" "/opt/rustwide/workdir" "-m" "1610612736" "--user" "0:0" "--network" "none" "rustops/crates-build-env@sha256:d92eaeed33fa75130ca1ee6c8a01d1ffb62bac859dfdfb3450e3e5d1c0146529" "/opt/rustwide/cargo-home/bin/cargo" "+72f88fc4e9458f89516a0b8b0868f3718aec5b47" "metadata" "--no-deps" "--format-version=1", kill_on_drop: false }`
[INFO] [stderr] WARNING: Your kernel does not support swap limit capabilities or the cgroup is not mounted. Memory limited without swap.
[INFO] [stdout] 7838e86eb4f71e2d35e2553671412d945f7321cc65cce8ab8618e8a04a2d19b8
[INFO] running `Command { std: "docker" "start" "-a" "7838e86eb4f71e2d35e2553671412d945f7321cc65cce8ab8618e8a04a2d19b8", kill_on_drop: false }`
[INFO] running `Command { std: "docker" "inspect" "7838e86eb4f71e2d35e2553671412d945f7321cc65cce8ab8618e8a04a2d19b8", kill_on_drop: false }`
[INFO] running `Command { std: "docker" "rm" "-f" "7838e86eb4f71e2d35e2553671412d945f7321cc65cce8ab8618e8a04a2d19b8", kill_on_drop: false }`
[INFO] [stdout] 7838e86eb4f71e2d35e2553671412d945f7321cc65cce8ab8618e8a04a2d19b8
[INFO] running `Command { std: "docker" "create" "-v" "/var/lib/crater-agent-workspace/builds/worker-1/target:/opt/rustwide/target:rw,Z" "-v" "/var/lib/crater-agent-workspace/builds/worker-1/source:/opt/rustwide/workdir:ro,Z" "-v" "/var/lib/crater-agent-workspace/cargo-home:/opt/rustwide/cargo-home:ro,Z" "-v" "/var/lib/crater-agent-workspace/rustup-home:/opt/rustwide/rustup-home:ro,Z" "-e" "SOURCE_DIR=/opt/rustwide/workdir" "-e" "CARGO_TARGET_DIR=/opt/rustwide/target" "-e" "CARGO_INCREMENTAL=0" "-e" "RUST_BACKTRACE=full" "-e" "RUSTFLAGS=--cap-lints=forbid" "-e" "CARGO_HOME=/opt/rustwide/cargo-home" "-e" "RUSTUP_HOME=/opt/rustwide/rustup-home" "-w" "/opt/rustwide/workdir" "-m" "1610612736" "--user" "0:0" "--network" "none" "rustops/crates-build-env@sha256:d92eaeed33fa75130ca1ee6c8a01d1ffb62bac859dfdfb3450e3e5d1c0146529" "/opt/rustwide/cargo-home/bin/cargo" "+72f88fc4e9458f89516a0b8b0868f3718aec5b47" "check" "--frozen" "--all" "--all-targets" "--message-format=json", kill_on_drop: false }`
[INFO] [stderr] WARNING: Your kernel does not support swap limit capabilities or the cgroup is not mounted. Memory limited without swap.
[INFO] [stdout] 0903997a5e8fc0d54c1d4259b4acbbc98074924ca2d426dbc0c94ea1c2bbbcb0
[INFO] running `Command { std: "docker" "start" "-a" "0903997a5e8fc0d54c1d4259b4acbbc98074924ca2d426dbc0c94ea1c2bbbcb0", kill_on_drop: false }`
[INFO] [stderr]    Compiling bitflags v0.9.1
[INFO] [stderr]    Compiling libc v0.2.34
[INFO] [stderr]    Compiling num-traits v0.1.41
[INFO] [stderr]    Compiling log v0.3.8
[INFO] [stderr]     Checking byteorder v1.2.1
[INFO] [stderr]    Compiling pkg-config v0.3.9
[INFO] [stderr]     Checking piston-float v0.3.0
[INFO] [stderr]    Compiling bitflags v1.0.1
[INFO] [stderr]    Compiling khronos_api v2.0.0
[INFO] [stderr]     Checking either v1.4.0
[INFO] [stderr]    Compiling rayon-core v1.3.0
[INFO] [stderr]     Checking scopeguard v0.3.3
[INFO] [stderr]     Checking bitflags v0.8.2
[INFO] [stderr]     Checking shader_version v0.3.0
[INFO] [stderr]    Compiling khronos_api v1.0.1
[INFO] [stderr]     Checking serde v1.0.23
[INFO] [stderr]     Checking color_quant v1.0.0
[INFO] [stderr]     Checking lzw v0.10.0
[INFO] [stderr]     Checking scoped_threadpool v0.1.8
[INFO] [stderr]     Checking linked-hash-map v0.5.0
[INFO] [stderr]     Checking piston-texture v0.6.0
[INFO] [stderr]     Checking void v1.0.2
[INFO] [stderr]     Checking piston-shaders_graphics2d v0.3.1
[INFO] [stderr]     Checking cfg-if v0.1.2
[INFO] [stderr]     Checking uuid v0.5.1
[INFO] [stderr]     Checking vec_map v0.8.0
[INFO] [stderr]    Compiling phf_shared v0.7.21
[INFO] [stderr]     Checking rand v0.3.18
[INFO] [stderr]     Checking num_cpus v1.7.0
[INFO] [stderr]    Compiling syn v0.10.8
[INFO] [stderr]     Checking shared_library v0.1.7
[INFO] [stderr]     Checking enum_primitive v0.1.1
[INFO] [stderr]     Checking piston-viewport v0.3.0
[INFO] [stderr]     Checking vecmath v0.3.1
[INFO] [stderr]     Checking num-complex v0.1.41
[INFO] [stderr]     Checking inflate v0.3.3
[INFO] [stderr]    Compiling xml-rs v0.7.0
[INFO] [stderr]     Checking draw_state v0.7.1
[INFO] [stderr]    Compiling xml-rs v0.6.1
[INFO] [stderr]    Compiling itertools v0.5.10
[INFO] [stderr]     Checking coco v0.1.1
[INFO] [stderr]     Checking arrayvec v0.4.6
[INFO] [stderr]     Checking stb_truetype v0.2.1
[INFO] [stderr]     Checking deflate v0.7.17
[INFO] [stderr]     Checking nix v0.9.0
[INFO] [stderr]     Checking gif v0.9.2
[INFO] [stderr]    Compiling phf v0.7.21
[INFO] [stderr]     Checking osmesa-sys v0.1.2
[INFO] [stderr]    Compiling serde_json v0.9.10
[INFO] [stderr]    Compiling x11-dl v2.17.0
[INFO] [stderr]    Compiling libudev-sys v0.1.3
[INFO] [stderr]    Compiling serde_derive_internals v0.17.0
[INFO] [stderr]     Checking rusttype v0.2.3
[INFO] [stderr]     Checking num-bigint v0.1.41
[INFO] [stderr]     Checking tempfile v2.2.0
[INFO] [stderr]     Checking fs2 v0.2.5
[INFO] [stderr]    Compiling gl_generator v0.6.1
[INFO] [stderr]    Compiling wayland-scanner v0.9.10
[INFO] [stderr]    Compiling gl_generator v0.5.5
[INFO] [stderr] error: failed to run custom build command for `libudev-sys v0.1.3`
[INFO] [stderr] 
[INFO] [stderr] Caused by:
[INFO] [stderr]   process didn't exit successfully: `/opt/rustwide/target/debug/build/libudev-sys-e9345f880588f918/build-script-build` (exit code: 101)
[INFO] [stderr]   --- stdout
[INFO] [stderr]   cargo:rustc-link-search=native=/lib/x86_64-linux-gnu
[INFO] [stderr]   cargo:rustc-link-lib=udev
[INFO] [stderr] 
[INFO] [stderr]   --- stderr
[INFO] [stderr]   thread 'main' panicked at 'called `Result::unwrap()` on an `Err` value: Os { code: 30, kind: Other, message: "Read-only file system" }', /opt/rustwide/cargo-home/registry/src/github.com-1ecc6299db9ec823/libudev-sys-0.1.3/build.rs:13:40
[INFO] [stderr]   stack backtrace:
[INFO] [stderr]      0:     0x556d8401a380 - std::backtrace_rs::backtrace::libunwind::trace::h452faf99f32e7c93
[INFO] [stderr]                                  at /rustc/72f88fc4e9458f89516a0b8b0868f3718aec5b47/library/std/src/../../backtrace/src/backtrace/libunwind.rs:96
[INFO] [stderr]      1:     0x556d8401a380 - std::backtrace_rs::backtrace::trace_unsynchronized::he40edc71437667a1
[INFO] [stderr]                                  at /rustc/72f88fc4e9458f89516a0b8b0868f3718aec5b47/library/std/src/../../backtrace/src/backtrace/mod.rs:66
[INFO] [stderr]      2:     0x556d8401a380 - std::sys_common::backtrace::_print_fmt::h6c51d6ade71f46bf
[INFO] [stderr]                                  at /rustc/72f88fc4e9458f89516a0b8b0868f3718aec5b47/library/std/src/sys_common/backtrace.rs:79
[INFO] [stderr]      3:     0x556d8401a380 - <std::sys_common::backtrace::_print::DisplayBacktrace as core::fmt::Display>::fmt::h3cd15d7003dec37a
[INFO] [stderr]                                  at /rustc/72f88fc4e9458f89516a0b8b0868f3718aec5b47/library/std/src/sys_common/backtrace.rs:58
[INFO] [stderr]      4:     0x556d8403812c - core::fmt::write::h1857a60b204f1b6a
[INFO] [stderr]                                  at /rustc/72f88fc4e9458f89516a0b8b0868f3718aec5b47/library/core/src/fmt/mod.rs:1080
[INFO] [stderr]      5:     0x556d84017617 - std::io::Write::write_fmt::hac61caff894c35ae
[INFO] [stderr]                                  at /rustc/72f88fc4e9458f89516a0b8b0868f3718aec5b47/library/std/src/io/mod.rs:1517
[INFO] [stderr]      6:     0x556d8401c5d0 - std::sys_common::backtrace::_print::haa2f390fb7957e3e
[INFO] [stderr]                                  at /rustc/72f88fc4e9458f89516a0b8b0868f3718aec5b47/library/std/src/sys_common/backtrace.rs:61
[INFO] [stderr]      7:     0x556d8401c5d0 - std::sys_common::backtrace::print::h48c7cbbad9013bb1
[INFO] [stderr]                                  at /rustc/72f88fc4e9458f89516a0b8b0868f3718aec5b47/library/std/src/sys_common/backtrace.rs:48
[INFO] [stderr]      8:     0x556d8401c5d0 - std::panicking::default_hook::{{closure}}::h8b7ff05a31e71d55
[INFO] [stderr]                                  at /rustc/72f88fc4e9458f89516a0b8b0868f3718aec5b47/library/std/src/panicking.rs:208
[INFO] [stderr]      9:     0x556d8401c31c - std::panicking::default_hook::h2f00c78800d98e4c
[INFO] [stderr]                                  at /rustc/72f88fc4e9458f89516a0b8b0868f3718aec5b47/library/std/src/panicking.rs:227
[INFO] [stderr]     10:     0x556d8401cc33 - std::panicking::rust_panic_with_hook::h4eaa635e4694aef3
[INFO] [stderr]                                  at /rustc/72f88fc4e9458f89516a0b8b0868f3718aec5b47/library/std/src/panicking.rs:577
[INFO] [stderr]     11:     0x556d8401c809 - std::panicking::begin_panic_handler::{{closure}}::hec242f1b136b5ff2
[INFO] [stderr]                                  at /rustc/72f88fc4e9458f89516a0b8b0868f3718aec5b47/library/std/src/panicking.rs:484
[INFO] [stderr]     12:     0x556d8401a7ec - std::sys_common::backtrace::__rust_end_short_backtrace::h1f3cc383ee6c0374
[INFO] [stderr]                                  at /rustc/72f88fc4e9458f89516a0b8b0868f3718aec5b47/library/std/src/sys_common/backtrace.rs:153
[INFO] [stderr]     13:     0x556d8401c7c9 - rust_begin_unwind
[INFO] [stderr]                                  at /rustc/72f88fc4e9458f89516a0b8b0868f3718aec5b47/library/std/src/panicking.rs:483
[INFO] [stderr]     14:     0x556d84037451 - core::panicking::panic_fmt::hb15d6f55e8472f62
[INFO] [stderr]                                  at /rustc/72f88fc4e9458f89516a0b8b0868f3718aec5b47/library/core/src/panicking.rs:85
[INFO] [stderr]     15:     0x556d84037273 - core::option::expect_none_failed::he492a18657d97593
[INFO] [stderr]                                  at /rustc/72f88fc4e9458f89516a0b8b0868f3718aec5b47/library/core/src/option.rs:1221
[INFO] [stderr]     16:     0x556d83fe657d - core::result::Result<T,E>::unwrap::h59145ccc6b626314
[INFO] [stderr]                                  at /rustc/72f88fc4e9458f89516a0b8b0868f3718aec5b47/library/core/src/result.rs:973
[INFO] [stderr]     17:     0x556d83fe4359 - build_script_build::check_func::h827563e9d09132e2
[INFO] [stderr]                                  at /opt/rustwide/cargo-home/registry/src/github.com-1ecc6299db9ec823/libudev-sys-0.1.3/build.rs:13
[INFO] [stderr]     18:     0x556d83fe49ef - build_script_build::main::h241a10f477a4b7d0
[INFO] [stderr]                                  at /opt/rustwide/cargo-home/registry/src/github.com-1ecc6299db9ec823/libudev-sys-0.1.3/build.rs:41
[INFO] [stderr]     19:     0x556d83fe50eb - core::ops::function::FnOnce::call_once::h0fb65280503f3629
[INFO] [stderr]                                  at /rustc/72f88fc4e9458f89516a0b8b0868f3718aec5b47/library/core/src/ops/function.rs:227
[INFO] [stderr]     20:     0x556d83fe501e - std::sys_common::backtrace::__rust_begin_short_backtrace::h927b88e3dd0fc03d
[INFO] [stderr]                                  at /rustc/72f88fc4e9458f89516a0b8b0868f3718aec5b47/library/std/src/sys_common/backtrace.rs:137
[INFO] [stderr]     21:     0x556d83fe53b1 - std::rt::lang_start::{{closure}}::h6dee16d90a3dc1a3
[INFO] [stderr]                                  at /rustc/72f88fc4e9458f89516a0b8b0868f3718aec5b47/library/std/src/rt.rs:66
[INFO] [stderr]     22:     0x556d8401d031 - core::ops::function::impls::<impl core::ops::function::FnOnce<A> for &F>::call_once::hecc21eb9018cc197
[INFO] [stderr]                                  at /rustc/72f88fc4e9458f89516a0b8b0868f3718aec5b47/library/core/src/ops/function.rs:259
[INFO] [stderr]     23:     0x556d8401d031 - std::panicking::try::do_call::h174ad655d084b5c7
[INFO] [stderr]                                  at /rustc/72f88fc4e9458f89516a0b8b0868f3718aec5b47/library/std/src/panicking.rs:381
[INFO] [stderr]     24:     0x556d8401d031 - std::panicking::try::h479e6054ce28de10
[INFO] [stderr]                                  at /rustc/72f88fc4e9458f89516a0b8b0868f3718aec5b47/library/std/src/panicking.rs:345
[INFO] [stderr]     25:     0x556d8401d031 - std::panic::catch_unwind::hb558ddea2b3e9c45
[INFO] [stderr]                                  at /rustc/72f88fc4e9458f89516a0b8b0868f3718aec5b47/library/std/src/panic.rs:382
[INFO] [stderr]     26:     0x556d8401d031 - std::rt::lang_start_internal::h163149047f0a8b61
[INFO] [stderr]                                  at /rustc/72f88fc4e9458f89516a0b8b0868f3718aec5b47/library/std/src/rt.rs:51
[INFO] [stderr]     27:     0x556d83fe5387 - std::rt::lang_start::h13d841b70cf88284
[INFO] [stderr]                                  at /rustc/72f88fc4e9458f89516a0b8b0868f3718aec5b47/library/std/src/rt.rs:65
[INFO] [stderr]     28:     0x556d83fe4ada - main
[INFO] [stderr]     29:     0x7f52ebf150b3 - __libc_start_main
[INFO] [stderr]     30:     0x556d83fe40be - _start
[INFO] [stderr]     31:                0x0 - <unknown>
[INFO] [stderr] warning: build failed, waiting for other jobs to finish...
[INFO] [stdout] error[E0311]: the parameter type `K` may not live long enough
[INFO] [stdout]   --> /opt/rustwide/cargo-home/registry/src/github.com-1ecc6299db9ec823/rusttype-0.2.3/src/support/bst/map.rs:81:19
[INFO] [stdout]    |
[INFO] [stdout] 81 |             match node.force() {
[INFO] [stdout]    |                   ^^^^
[INFO] [stdout]    |
[INFO] [stdout] note: the parameter type `K` must be valid for the anonymous lifetime #1 defined on the function body at 77:9...
[INFO] [stdout]   --> /opt/rustwide/cargo-home/registry/src/github.com-1ecc6299db9ec823/rusttype-0.2.3/src/support/bst/map.rs:77:9
[INFO] [stdout]    |
[INFO] [stdout] 77 | /         fn clone_subtree<K: Clone, V: Clone>(
[INFO] [stdout] 78 | |                 node: node::NodeRef<marker::Immut, K, V, marker::LeafOrInternal>)
[INFO] [stdout] 79 | |                 -> BTreeMap<K, V> {
[INFO] [stdout]    | |_________________________________^
[INFO] [stdout] 
[INFO] [stdout] 
[INFO] [stdout] error[E0311]: the parameter type `V` may not live long enough
[INFO] [stdout]   --> /opt/rustwide/cargo-home/registry/src/github.com-1ecc6299db9ec823/rusttype-0.2.3/src/support/bst/map.rs:81:19
[INFO] [stdout]    |
[INFO] [stdout] 81 |             match node.force() {
[INFO] [stdout]    |                   ^^^^
[INFO] [stdout]    |
[INFO] [stdout] note: the parameter type `V` must be valid for the anonymous lifetime #1 defined on the function body at 77:9...
[INFO] [stdout]   --> /opt/rustwide/cargo-home/registry/src/github.com-1ecc6299db9ec823/rusttype-0.2.3/src/support/bst/map.rs:77:9
[INFO] [stdout]    |
[INFO] [stdout] 77 | /         fn clone_subtree<K: Clone, V: Clone>(
[INFO] [stdout] 78 | |                 node: node::NodeRef<marker::Immut, K, V, marker::LeafOrInternal>)
[INFO] [stdout] 79 | |                 -> BTreeMap<K, V> {
[INFO] [stdout]    | |_________________________________^
[INFO] [stdout] 
[INFO] [stdout] 
[INFO] [stdout] error: aborting due to 2 previous errors
[INFO] [stdout] 
[INFO] [stdout] 
[INFO] [stderr] error: build failed
[INFO] running `Command { std: "docker" "inspect" "0903997a5e8fc0d54c1d4259b4acbbc98074924ca2d426dbc0c94ea1c2bbbcb0", kill_on_drop: false }`
[INFO] running `Command { std: "docker" "rm" "-f" "0903997a5e8fc0d54c1d4259b4acbbc98074924ca2d426dbc0c94ea1c2bbbcb0", kill_on_drop: false }`
[INFO] [stdout] 0903997a5e8fc0d54c1d4259b4acbbc98074924ca2d426dbc0c94ea1c2bbbcb0
